3
Let c(v) = v**2 - 4*v + 11. What is c(6)?
23
Let y(k) = -k - 5. Calculate y(4).
-9
Let r(x) = x**3 + 19*x**2 + 19*x + 22. Give r(-18).
4
Let k(n) = -n**3 - 6*n**2 + n - 9. What is k(-7)?
33
Let g(r) = 4*r + 1. What is g(6)?
25
Let j(b) = -33*b - 396. Calculate j(-11).
-33
Let g(x) = -x**3 + 5*x**2 - 5*x. Give g(2).
2
Let v(r) = r**2 + 3*r - 61. What is v(-9)?
-7
Let g(z) = z**3 + z**2 + z - 3. Determine g(3).
36
Let f(s) = -s**2 + 30*s - 2. Calculate f(30).
-2
Let w(r) = 2*r**2 + 16*r - 13. Calculate w(-9).
5
Let z(q) = 6*q - 116. Give z(20).
4
Let n(w) = 2*w + 7. What is n(-6)?
-5
Let x(m) = -m**3 + 13*m**2 - 22*m - 4. Calculate x(11).
-4
Let y(k) = -k**3 - 12*k**2 + 2*k - 1. Calculate y(-12).
-25
Let o(a) = 3*a**3 - 3*a**2 - 2*a + 1. Calculate o(-1).
-3
Let l(d) = 10*d + 17. Give l(-4).
-23
Let w(x) = x**3 - 3*x**2 - 4*x. What is w(4)?
0
Let r(o) = -o**2 + 11*o. Calculate r(17).
-102
Let r(f) = 3*f + 17. Calculate r(-4).
5
Let q(v) = v**2 + 11*v + 20. What is q(-11)?
20
Let z(y) = -5*y + 50. Give z(11).
-5
Let z(b) = b**3 + 16*b**2 + 31*b + 39. Calculate z(-14).
-3
Let l(k) = 26*k + 68. Calculate l(-3).
-10
Let h(k) = k**3 - k**2. What is h(2)?
4
Let m(u) = -5*u**2 - 4*u - 2. Give m(-1).
-3
Let p(z) = z**2 - 32*z + 237. What is p(11)?
6
Let i(n) = n**2 - 5*n + 3. Give i(6).
9
Let p(c) = -5*c**2 + 17*c - 16. Determine p(1).
-4
Let l(d) = d**3 + d**2 - d - 15. Determine l(0).
-15
Let w(s) = -s**2 + 14*s - 30. Give w(12).
-6
Let b(u) = 12*u - 73. Calculate b(3).
-37
Let w(b) = -b**2 - 13*b - 8. What is w(-7)?
34
Let r(x) = -9*x - 204. Give r(-21).
-15
Let i(h) = h**3 + 8*h**2 - 32*h - 254. Determine i(-8).
2
Let u(m) = -5*m**2 + m + 4. Calculate u(-3).
-44
Let u(q) = 2*q**2 - 7*q - 18. Determine u(6).
12
Let a(v) = -18*v**2 + 4*v - 11. Determine a(3).
-161
Let t(p) = -17*p - 5. What is t(5)?
-90
Let v(o) = -10*o**2 + o - 1. Give v(1).
-10
Let b(y) = -y**3 - 19*y**2 - 63*y - 46. Calculate b(-15).
-1
Let v(o) = o + 5. What is v(-11)?
-6
Let y(q) = q**3 - 16*q**2 + 16*q - 21. What is y(15)?
-6
Let m(r) = 2*r + 2. Calculate m(5).
12
Let w(t) = 16*t**2 - 5*t - 4. Calculate w(2).
50
Let j(m) = -2*m**2 - m + 2. Give j(1).
-1
Let g(l) = 48*l - 3. Determine g(1).
45
Let d(l) = -l**2 - 3*l. Calculate d(0).
0
Let o(a) = a**3 + 15*a**2 + 37*a - 17. Give o(-12).
-29
Let p(o) = -o**2 - 12*o + 448. Determine p(16).
0
Let o(s) = -5*s - 34. What is o(-16)?
46
Let y(w) = w**2 + 8*w + 12. What is y(-8)?
12
Let d(h) = -21*h - 42. Give d(-2).
0
Let o(d) = 3*d + 121. Determine o(-37).
10
Let k(f) = 10*f + 6. Calculate k(0).
6
Let o(k) = 2*k**2 - 10*k + 19. What is o(7)?
47
Let v(u) = 30*u + 293. Determine v(-10).
-7
Let f(p) = 2*p**2 + 7*p - 7. What is f(2)?
15
Let b(r) = 23*r - 7. What is b(1)?
16
Let y(r) = r**3 + 22*r + 5. Calculate y(0).
5
Let c(q) = 3*q + 10. What is c(16)?
58
Let c(q) = -6*q + 3. Calculate c(2).
-9
Let r(a) = -14*a**2 - 3*a. Determine r(-1).
-11
Let k(l) = 17*l + 5. What is k(-1)?
-12
Let m(b) = b**2 + 12*b + 36. What is m(-8)?
4
Let a(x) = 3*x + 23. Give a(-10).
-7
Let d(r) = -r**3 + 7*r**2 - r + 12. Give d(7).
5
Let y(g) = g**2 - 23*g - 284. Calculate y(32).
4
Let g(i) = -i**3 - 22*i**2 + i + 6. What is g(-22)?
-16
Let y(v) = v**3 + 5*v**2 - 3*v + 1. Calculate y(-5).
16
Let t(s) = 10*s - 1. Determine t(2).
19
Let g(m) = m**3 + 9*m**2 + m - 9. What is g(-7)?
82
Let h(d) = -4*d + 6. What is h(2)?
-2
Let m(f) = f**3 + 7*f**2 - 7*f + 2. What is m(-8)?
-6
Let t(s) = -s**3 + 14*s**2 + 2*s - 27. Determine t(14).
1
Let s(k) = -k - 13. Calculate s(9).
-22
Let q(m) = 5*m - 4. Determine q(11).
51
Let z(o) = 3*o**2 + 17*o - 1. What is z(-5)?
-11
Let f(x) = -11*x + 3. Determine f(1).
-8
Let o(s) = -2*s**3 - 17*s**2 - 10*s - 22. Determine o(-8).
-6
Let o(n) = -n**3 + 27*n**2 - 25*n - 33. What is o(26)?
-7
Let b(p) = 2*p**2 + 6*p - 1. Give b(-3).
-1
Let z(y) = -12*y - 3. What is z(-1)?
9
Let h(j) = 9*j + 38. What is h(-4)?
2
Let r(n) = -2*n + 12. Give r(8).
-4
Let c(z) = -z**2 + 5*z - 8. Calculate c(8).
-32
Let h(u) = -18*u - 88. Give h(-5).
2
Let n(f) = -15*f. Determine n(2).
-30
Let r(w) = -24*w - 185. Calculate r(-8).
7
Let t(f) = f**2 + 23*f + 81. What is t(-19)?
5
Let b(z) = -z**3 - z**2 + z - 9. Determine b(0).
-9
Let d(w) = 2*w. Calculate d(-7).
-14
Let n(l) = 5*l**2 - 107*l + 40. What is n(21)?
-2
Let n(k) = -393*k + 1970. Determine n(5).
5
Let l(a) = a**3 + 8*a**2 - 2*a + 10. Calculate l(-9).
-53
Let q(x) = -4*x + 6. Calculate q(3).
-6
Let d(g) = 13*g + 335. What is d(-26)?
-3
Let i(w) = 91*w. Determine i(1).
91
Let z(v) = -12*v + 6. Determine z(7).
-78
Let o(u) = -u**2 + u + 4. What is o(4)?
-8
Let w(n) = n**3 + 14*n**2 + 2*n - 148. Determine w(-13).
-5
Let k(h) = -h**3 - 10*h**2 - 7*h + 25. Calculate k(-9).
7
Let q(k) = 4*k**2 + 26*k + 32. What is q(-5)?
2
Let z(n) = -n**3 + 17*n**2 - 16*n - 21. What is z(16)?
-21
Let z(u) = -u**3 + 3*u**2 + 5*u + 4. Give z(-3).
43
Let b(x) = x - 16. Calculate b(9).
-7
Let n(p) = -p + 2. What is n(8)?
-6
Let a(x) = x**3 + 39*x**2 - 41*x - 37. What is a(-40)?
3
Let a(k) = k**3 - 2*k**2 - 43*k - 45. What is a(-5)?
-5
Let t(f) = -2*f**2 + 3. Determine t(2).
-5
Let g(i) = -i**3 - 12*i**2 - 10*i + 9. Determine g(-11).
-2
Let n(b) = -60*b + 122. What is n(2)?
2
Let n(i) = -51*i + 453. Give n(9).
-6
Let u(y) = -y**3 + y**2 + 3*y + 6. What is u(3)?
-3
Let i(j) = -j**2 + 7*j + 17. Determine i(9).
-1
Let a(i) = -i**3 - 4*i**2 + 2*i - 9. What is a(-5)?
6
Let l(g) = g**2 - 2*g - 17. Calculate l(5).
-2
Let g(t) = t**2 - 10*t - 24. What is g(12)?
0
Let l(h) = 2*h - 15. What is l(15)?
15
Let i(x) = -4*x - 4. What is i(7)?
-32
Let f(v) = -v**3 - 22*v**2 + 22*v - 22. Give f(-23).
1
Let h(u) = -u**2 - 17*u - 19. Give h(-12).
41
Let j(y) = y**3 + 7*y**2 - 4*y - 22. What is j(-7)?
6
Let z(y) = 7*y**2 - 8*y + 3. Determine z(3).
42
Let y(j) = j**3 + j**2 + j - 18. Determine y(0).
-18
Let c(p) = 17*p - 40. What is c(3)?
11
Let z(g) = -2*g**3 - g**2 + g. Give z(-2).
10
Let k(q) = 4*q + 32. Calculate k(-7).
4
Let j(x) = -x + 7. Calculate j(8).
-1
Let w(z) = z**3 + 7*z**2 - 20*z - 18. Determine w(-9).
0
Let o(c) = -2*c**2 + 28*c + 10. Give o(14).
10
Let g(k) = 4*k**3 - k**2 - 16. Determine g(3).
83
Let n(q) = q**3 + 7*q**2 - 11*q - 19. Determine n(-8).
5
Let v(i) = 10*i**3 - i**2. Give v(1).
9
Let m(w) = w**2 + 17*w + 56. Determine m(-15).
26
Let i(s) = -s**2 - 18*s - 75. Give i(-10).
5
Let w(c) = c**2 + 18*c + 16. What is w(-14)?
-40
Let a(s) = s**2 + 7*s + 9. Calculate a(-8).
17
Let o(y) = 7*y - 199. Determine o(32).
25
Let l(n) = n**3 + 6*n**2 + 3*n - 4. Calculate l(-6).
-22
Let o(z) = z - 15. What is o(10)?
-5
Let h(k) = -2*k**3 - 8*k**2 + 8. Calculate h(-3).
-10
Let p(y) = y**2 + 14*y - 4. Give p(-15).
11
Let g(s) = 3*s + 18. Determine g(0).
18
Let n(k) = k**2 - 23*k + 55. What is n(20)?
-5
Let l(f) = 2*f**2 - 75*f + 43. Calculate l(37).
6
Let p(o) = -15*o + 127. What is p(8)?
7
Let z(n) = -n**2 + 6*n - 1. Calculate z(5).
4
Let i(a) = 3*a - 7. Determine i(5).
8
Let h(t) = -3*t**2 + 9*t + 26. Determine h(-2).
-4
Let j(k) = 5*k**2 - 2*k + 1. Determine j(2).
17
Let m(i) = -2*i**2 + 20*i + 21. Calculate m(11).
-1
Let v(d) = d**3 + 5*d**2 + 2*d. Calculate v(-5).
-10
Let r(u) = -u + 1. Determine r(-3).
4
Let y(w) = 2*w**2 - 3*w - 10. Determine y(4).
10
Let t(a) = 14*a**3 - a**2 - a + 1. Determine t(1).
13
Let j(v) = -v**3 + 13*v**2 + 21*v - 99. Determine j(14).
-1
Let d(k) = -k**2 - 15*k + 8. Give d(-16).
-8
Let d(w) = -w**2 + 7*w + 1. What is d(5)?
11
Let l(a) = -5*a + 1. Give l(1).
-4
Let u(o) = -8*o - 27. What is u(3)?
-51
Let c(r) = -4*r**3 + 2*r**2 - 1. What is c(1)?
-3
Let i(o) = 20*o**3 - 3*o**2 - 4*o - 1. Determine i(-1).
-20
Let g(j) = 6*j**2 - 271*j + 40. What is g(45)?
-5
Let d(h) = 43*h - 1. Give d(-1).
-44
Let y(x) = -x**3 - 18*x**2 - 34*x - 28. What is y(-16)?
4
Let b(z) = 2*z**2 - 6*z + 9. Give b(4).
17
Let i(z) = -z - 3. What is i(0)?
-3
Let l(q) = 8*q + 24. Give l(-3).
0
Let s(r) = -8*r - 4. Give s(-2).
12
Let a(o) = o**2 + o - 2. Calculate a(-4).
10
Let g(n) = -n + 3. Determine g(0).
3
Let g(o) = -o - 24. Give g(-13).
-11
Let p(b) = -4*b**2 + 4*b - 1. Calculate p(-3).
-49
Let d(g) = g**3 - 6*g**2 + 3*g - 1. Give d(5).
-11
Let j(h) = 2*h**2 + 18*h + 55. What is j(-6)?
19
Let v(z) = -z**2 - 11*z + 243. Give v(11).
1